alse
Is 7279207127 a composite number?
False
Is 108928319 prime?
True
Is 22190951351 a composite number?
True
Is 187976639 composite?
True
Is 620325487 a prime number?
True
Is 15039849637 composite?
True
Is 345986131 composite?
True
Is 1050300733 a prime number?
True
Is 369209011 composite?
True
Is 332825587 prime?
True
Is 14709166913 composite?
True
Is 1334176229 a composite number?
True
Is 15015882109 prime?
True
Is 20983961533 a composite number?
False
Is 95251758527 composite?
True
Is 759505403 prime?
True
Is 20521043 composite?
False
Is 2330864873 prime?
False
Is 4236287141 a composite number?
False
Is 3357873119 composite?
True
Is 63699123899 a prime number?
False
Is 1814527399 composite?
False
Is 3959197771 composite?
False
Is 995754211 a composite number?
True
Is 9319496663 a composite number?
False
Is 21617009279 a composite number?
False
Is 629489519 a prime number?
True
Is 13932493111 a prime number?
False
Is 98071431805 a composite number?
True
Is 59343547937 a prime number?
False
Is 16432847051 a composite number?
False
Is 92337031 composite?
True
Is 14431595561 a composite number?
True
Is 1505825861 a prime number?
False
Is 6153658267 prime?
False
Is 18858494777 a composite number?
False
Is 17151944981 a prime number?
True
Is 22504297783 prime?
False
Is 5302127 prime?
True
Is 121384507 composite?
False
Is 12569189 a prime number?
True
Is 38647335013 a prime number?
False
Is 1435930193 composite?
True
Is 42160705019 a prime number?
False
Is 11536535671 composite?
False
Is 51567751789 a prime number?
False
Is 763515241 composite?
True
Is 5551664809 a prime number?
True
Is 52289207 a prime number?
True
Is 1885420163 prime?
False
Is 77889074353 a composite number?
False
Is 28761094919 composite?
True
Is 42961903 composite?
True
Is 4325544203 prime?
False
Is 2462644747 prime?
False
Is 37022737 a prime number?
False
Is 604404337 a prime number?
False
Is 620131433 a composite number?
True
Is 31338686567 prime?
False
Is 683809013 composite?
False
Is 922771441 composite?
True
Is 673003517 prime?
True
Is 64722493939 prime?
True
Is 567191873 a composite number?
True
Is 1502217949 a composite number?
False
Is 154928025481 a prime number?
True
Is 945649363 a prime number?
True
Is 3424704113 prime?
False
Is 251661323 composite?
False
Is 3885341851 a prime number?
True
Is 10689657673 a composite number?
False
Is 1004170289 prime?
False
Is 948847283 composite?
False
Is 318429437 a composite number?
True
Is 2208396397 a prime number?
True
Is 2832719389 prime?
True
Is 1044108383 a prime number?
False
Is 5985784369 prime?
True
Is 3893348101 composite?
True
Is 304741991 a composite number?
False
Is 37802150765 a prime number?
False
Is 8353507 a prime number?
False
Is 920171567 prime?
False
Is 239892203 a prime number?
True
Is 102278950259 prime?
False
Is 54901400287 prime?
True
Is 31421800547 a prime number?
True
Is 1843967863 a composite number?
False
Is 7840162703 prime?
True
Is 2884513223 a composite number?
True
Is 2219001217 prime?
False
Is 456813463 prime?
True
Is 21735779059 composite?
True
Is 17515681031 a composite number?
True
Is 529967341 prime?
True
Is 69965978 a composite number?
True
Is 548342863 a composite number?
False
Is 332788459 a prime number?
False
Is 17644120517 a composite number?
True
Is 931115257 a prime number?
True
Is 1268213251 composite?
False
Is 94198163 composite?
False
Is 18540393961 composite?
False
Is 17329573553 prime?
False
Is 2520424013 composite?
False
Is 73358579153 a prime number?
True
Is 6357603423 composite?
True
Is 7828670413 prime?
True
Is 35043810257 a composite number?
True
Is 8164185533 a composite number?
True
Is 104942599 a prime number?
True
Is 2898723193 prime?
False
Is 101381647 a composite number?
True
Is 13924102849 composite?
False
Is 1238416919 a prime number?
True
Is 3101408957 a composite number?
True
Is 471014917 a composite number?
True
Is 3659282357 a prime number?
True
Is 21566645189 composite?
False
Is 94753117 a prime number?
True
Is 3967926653 a composite number?
True
Is 366879391 a prime number?
True
Is 7901831923 a composite number?
True
Is 174155221 a prime number?
True
Is 1371810799 prime?
True
Is 13223905061 a prime number?
True
Is 2252325371 a composite number?
False
Is 163820843 composite?
False
Is 153573459821 prime?
True
Is 1504777499 composite?
False
Is 29329275221 prime?
True
Is 691104443 composite?
False
Is 187180237 a prime number?
True
Is 31383311649 prime?
False
Is 5053257851 a prime number?
True
Is 2136179951 a prime number?
True
Is 903986623 a composite number?
False
Is 8967085403 a composite number?
False
Is 431421217 a composite number?
False
Is 10959249589 a prime number?
True
Is 1239423749 composite?
False
Is 69825781057 composite?
False
Is 15894452557 a composite number?
False
Is 27576754891 a prime number?
False
Is 4145377933 composite?
True
Is 498179317 composite?
False
Is 251573731 composite?
True
Is 14970320467 composite?
False
Is 3470114303 composite?
False
Is 13730249431 a prime number?
True
Is 546992947 a prime number?
True
Is 51837788921 a prime number?
True
Is 619141981 prime?
False
Is 1781709613 a composite number?
True
Is 176505792301 a prime number?
False
Is 1593124921 composite?
False
Is 154911661 composite?
False
Is 13375924699 a prime number?
False
Is 867221819 composite?
False
Is 2209612729 a prime number?
True
Is 1661648027 a composite number?
True
Is 1444617133 a composite number?
True
Is 3197076887 composite?
True
Is 186103601 composite?
False
Is 14250853763 a composite number?
True
Is 44477464511 a composite number?
False
Is 113215772623 a prime number?
True
Is 93716593649 a composite number?
True
Is 553936069 a composite number?
True
Is 50970834011 prime?
True
Is 16927593713 a prime number?
True
Is 50272607387 a prime number?
False
Is 42002386549 a prime number?
True
Is 3877504999 a prime number?
True
Is 1083119573 prime?
True
Is 267115907623 composite?
False
Is 13512091559 a prime number?
False
Is 16387952099 composite?
False
Is 1706196563 prime?
False
Is 532457413 a composite number?
False
Is 24746251891 composite?
False
Is 10026008669 a prime number?
True
Is 682044313 prime?
False
Is 372035611 prime?
True
Is 14246319317 a composite number?
False
Is 1689111689 a prime number?
False
Is 5664663509 a prime number?
False
Is 1319154161 prime?
False
Is 803546321 a prime number?
True
Is 2347884533 a prime number?
False
Is 287166401 a prime number?
True
Is 1097262557 a prime number?
True
Is 7035972899 a prime number?
False
Is 42844839943 a composite number?
True
Is 638670821 a composite number?
False
Is 27217008443 prime?
False
Is 4225545463 prime?
False
Is 220802761 composite?
False
Is 2087446621 prime?
False
Is 40075658741 composite?
False
Is 271974167 prime?
True
Is 1607886331 composite?
True
Is 1109796949 a composite number?
False
Is 1462600091 prime?
True
Is 614815 a composite number?
True
Is 5291722543 a prime number?
True
Is 36270743473 prime?
False
Is 761060803 a composite number?
False
Is 790064999 composite?
True
Is 38971243693 composite?
True
Is 2377925773 a composite number?
True
Is 766055237 a prime number?
False
Is 629756999 prime?
True
Is 2972586209 composite?
True
Is 33339835981 composite?
False
Is 55928842537 a composite number?
False
Is 822708197 composite?
False
Is 11362965917 a composite number?
False
Is 1537447859 a composite number?
False
Is 916286923 a prime number?
True
Is 7274366303 a prime number?
False
Is 274689740999 composite?
False
Is 842466937 a prime number?
False
Is 349222553 composite?
True
Is 10073921797 a prime number?
True
Is 113065423 prime?
False
Is 543779371 a prime number?
True
Is 207208907 composite?
False
Is 5778163969 prime?
True
Is 31127923 a composite number?
False
Is 8905474861 composite?
False
Is 191798197 a composite number?
True
Is 21339746381 a prime number?
True
Is 4453870319 a composite number?
False
Is 15940753453 a composite number?
True
Is 24169594979 composite?
False
Is 79554239 a prime number?
True
Is 207730307 a prime number?
True
Is 39718886087 a composite number?
True
Is 2988595361 a prime number?
True
Is 96949698049 a composite number?
True
Is 67053282997 prime?
True
Is 28445499547 a composite number?
True
Is 22355117303 a prime number?
True
Is 4784544113 composite?
False
Is 9812229